v?
13
Let z be 27681/9 + (-4)/6. Suppose z = 8*a + 17*a. Calculate the remainder when a is divided by 45.
33
Let t(n) = -21*n + 7. Let o be t(2). Let p = 65 + o. What is the remainder when p is divided by 17?
13
Let n(s) = 47*s**2 + 9*s - 56. Let h be n(4). Let d = -538 + h. Calculate the remainder when d is divided by 18.
14
Suppose -f - 2*f = -84. Let n be (45 + 3)*(-14)/(-7). What is the remainder when f is divided by n/(-9)*(-63)/42?
12
Let k = -118695 + 118730. What is the remainder when (-1 - -2)*(2 + 135) is divided by k?
32
Let v = -5841 - -6310. What is the remainder when v is divided by 30?
19
Let r(n) = 2*n**2 - 9*n + 17. Let q = -119 + 128. What is the remainder when q is divided by r(2)?
2
Let q be 4/((-24)/(-26))*18. Suppose 3*f - q = 21. Calculate the remainder when f is divided by 13.
7
Let r(t) = 3*t + 8. Let y(h) = -6*h - 16. Let p(o) = 7*r(o) + 3*y(o). Suppose l + 0 = 96. Calculate the remainder when l is divided by p(2).
12
Let q = 232 + -117. What is the remainder when q is divided by (-20)/440 - (-16116)/264?
54
Suppose 19 = 5*x - 16. Suppose 16*l - 1692 = x*l. Calculate the remainder when l is divided by 96.
92
Suppose 0 = -4*r - 3*u + 460, 3*r + 5*u - 468 = -r. What is the remainder when r is divided by (2/(-3))/((-16)/696)?
25
Let r = 163 + -299. Let d = 203 + r. Calculate the remainder when d is divided by 58/3*117/78.
9
Suppose 37*h = 13*h - 109 + 397. Calculate the remainder when 1377 is divided by h.
9
Let i = 6 + -2. Suppose -4*h + 323 = -3*d, d + 37 = 5*h - 364. Suppose 4*k + h = 4*u, 5*u - k = u + 89. Calculate the remainder when u is divided by i.
3
Suppose -4*a - 2320 = -2*s, -s + 1180 = -81*a + 84*a. What is the remainder when s is divided by 6?
4
Let j = -5343 - -5357. Calculate the remainder when 891 is divided by j.
9
Let w(t) = t**3 - 110*t**2 + 184*t + 4470. What is the remainder when w(108) is divided by 188?
74
Suppose 5855 = -11*u + 16*u + 3*h, 7024 = 6*u + 4*h. Calculate the remainder when 2351 is divided by u.
3
Let m(q) = -2*q - 1. Let p be m(-5). Let w(u) = -u**3 + 10*u**2 - 8*u - 8. What is the remainder when 4*p/(-12) + 6 is divided by w(9)?
0
Let y(k) = -2*k**2 - 14*k + 8. Let p be y(-11). Let o = p - -119. Let s = 96 - o. What is the remainder when s is divided by 30?
27
Let t(a) = 5*a**2 + 3*a - 3. Let y be t(2). Let k = -7 + y. Suppose 976*v - 1410 = 961*v. What is the remainder when v is divided by k?
14
Let m = 2047 - 2015. Suppose 4*r - 3*z - 176 = 2*r, -358 = -4*r + 3*z. Calculate the remainder when r is divided by m.
27
Let t(c) = -5*c - 8. Let i be t(-9). Suppose 0 = i*d - 30*d - 49. What is the remainder when d is divided by 4?
3
Suppose -65 - 112 = -29*r + 26. Calculate the remainder when 517 is divided by r.
6
Let t be (-5)/(((-330)/(-12))/11) + 2 + 1. Let k = -12 + -14. What is the remainder when 25 is divided by (16/(-32))/(t/k)?
12
Let d = -238 + 265. Let i(w) = w**2 + 7*w - 19. Calculate the remainder when d is divided by i(-11).
2
Suppose 129*f - 5417 = 6*f + 2578. Calculate the remainder when 499 is divided by f.
44
Let q(x) = -19*x - 8. Let w(i) = -18*i - 9. Let a(z) = -3*q(z) + 2*w(z). Let h be a(-3). Let j = 79 + h. Calculate the remainder when 73 is divided by j.
7
Suppose -13*s - 84*s + 15198 = 5*s. What is the remainder when 419 is divided by s?
121
Let p = 1 - -15. Suppose 11*q - 11168 = -10860. Calculate the remainder when q is divided by p.
12
Let r = -5 + 30. Let l = r - 43. What is the remainder when 53 + (-1)/(-6) + 3/l is divided by 19?
15
Let c = -3943 - -3962. What is the remainder when (45 - -3)*4/3 is divided by c?
7
Let l be (-1)/(-5) - 624/(-30). Suppose -3*w = z - 539, l*w - 5*z = 19*w + 365. Calculate the remainder when w is divided by 48.
36
Let z(r) = 321*r + 22. What is the remainder when z(1) is divided by 23?
21
Let g(l) = l**3 + 25*l**2 + 22*l - 34. Suppose -2*j = 4*s - 5*s + 48, j + 24 = 3*s. Calculate the remainder when g(j) is divided by 5.
4
Suppose -1896*c = -1904*c + 296. Calculate the remainder when 233 is divided by c.
11
Suppose b - 25 = 3*u - 4*u, 5*u - 5*b = 125. Let q(f) = 3*f - 7*f - 15*f - u*f + 7. What is the remainder when q(-4) is divided by 31?
28
Suppose -2*o = 2*o - 20. Let n = 8 - o. Suppose 1080 = 148*f + 340. What is the remainder when f is divided by n?
2
Suppose -1 = 14*d - 11*d - 5*k, 2*d = 5*k - 4. Suppose 306 = d*t - a, -t + 50*a - 51*a + 106 = 0. Calculate the remainder when t is divided by 54.
49
Suppose 3*p = 4*p - 68. Suppose 0 = -15*q + 7 + p. Suppose 2*n - v - 261 = 0, -q*n + 440 = v - 230. Calculate the remainder when n is divided by 45.
43
Let a(o) = -13*o + 122. Let h(b) = 17*b**2 + b + 2. Let f be h(5). Suppose 5*d - f = -2. Calculate the remainder when d is divided by a(8).
14
Let z be ((-7)/(-9)*3)/(9/27). Suppose -z*n = -3*r - 9*n + 20, -4*r = -3*n - 38. What is the remainder when 19 is divided by r?
3
Let a(r) = 19*r**2 + 351*r - 698. What is the remainder when 1997 is divided by a(2)?
77
Let j = -1147 + 744. Let k = j + 527. Calculate the remainder when k is divided by 9.
7
Let n(h) = 8*h**2 - 7*h + 0 + 3 - 57 + 3*h. Calculate the remainder when n(-5) is divided by 14.
12
Suppose 7*y = -20*y + 7398. What is the remainder when y is divided by 11?
10
Let u(z) = 35*z + 225. Let s be u(-6). Suppose s*v = 13*v - 3*g + 55, -2 = 2*g. Calculate the remainder when 69 is divided by v.
11
Suppose 3*a + 8*x - 4*x = 59, 0 = -a - 5*x + 16. Let s(m) = 4*m - 67. Let v be s(-7). Let q = 178 + v. What is the remainder when q is divided by a?
20
Suppose -33*r + 36*r = -9. Let n be (-39)/12 + r/(-12) + 5. Suppose n*w + 84 = 6*w. What is the remainder when 103 is divided by w?
19
Suppose 3 + 90 = 3*r. Suppose 1810 = -66*j + 11314. What is the remainder when j is divided by r?
20
Let g = 7301 - 5015. Let h = 1359 - g. Calculate the remainder when h/(-24) - (-6)/16 is divided by 8.
7
Suppose 4*x + 28*l = 27*l + 5837, 5*x = l + 7285. What is the remainder when x is divided by 210?
198
Let g = -5 - -7. Suppose g*v + 4*j = -0*v + 50, 4*j + 69 = 5*v. Let i = -754 + 766. What is the remainder when v is divided by i?
5
Let s = 638 + -100. What is the remainder when s is divided by 36?
34
Let q = 908 - 887. Calculate the remainder when 194 is divided by q.
5
What is the remainder when -10 + 12 + 713 - 2 is divided by 10?
3
Let w = -477112 + 477310. Suppose 3*f = -l + 4 + 57, 0 = l - 1. Calculate the remainder when w is divided by f.
18
Suppose -3*b - 4*a + 1291 = 0, 2*b - 846 = -0*a + a. Let n = b + -413. What is the remainder when 45 is divided by n?
9
Let k(d) = d**3 + 7*d**2 - d + 4. Let f = -2702 - -2882. Calculate the remainder when f is divided by k(-6).
42
Suppose -2*f + 16 + 0 = 0. Let j = 463 - 441. Calculate the remainder when j is divided by f.
6
Let x = 7489 - 6727. Calculate the remainder when 2291 is divided by x.
5
What is the remainder when (((-36)/14)/(90/(-420)))/((-2)/(-158)) is divided by 68?
64
Let b(d) = -263*d + 1083. What is the remainder when 183 is divided by b(4)?
28
Suppose 3*w + 3*g = 7*g + 133, 2*w = -g + 85. Suppose -8*h + 0 = 8. What is the remainder when w is divided by 11/h*(0 + -1)?
10
Let o = 49 - 43. Suppose -5*f = v - 31, -o*v + 4*f - 104 = -9*v. What is the remainder when 286 is divided by v?
34
Suppose 2*w = -5*y + 461, 4*w + 2*y - 318 = 596. What is the remainder when w is divided by (12/8*(-92)/(-6))/1?
21
Let f = -43 + 45. Suppose 31 = f*n - 25. Let j(l) = -l**3 + 9*l**2 + 12. Calculate the remainder when j(7) is divided by n.
26
Suppose -562 = -8*q + 302. Let m = 232 - q. Calculate the remainder when m is divided by 10.
4
What is the remainder when 5438 is divided by (-54 - 4557/(-98))*(-1 + 2/(-6))?
8
Let v(w) = -w**3 - 6*w**2 - 2*w + 8. Let y(u) = u**2 + 10*u - 45. Let p be y(-13). Calculate the remainder when 79 is divided by v(p).
19
Let n(k) be the second derivative of k**5/20 + k**4/2 - k**3/2 - k**2/2 - 2*k. What is the remainder when (-2490)/(-12)*(-28)/(-70) is divided by n(-6)?
15
Suppose 0*b + 156 = 4*b. Suppose 4*q = -b + 47. Suppose q = 2*z - 8, -4*a = -3*z - 137. What is the remainder when a is divided by 6?
2
Let c(k) = -82*k + 19. Let z be c(-3). Suppose 259*i = z*i - 570. Calculate the remainder when i is divided by 14.
11
Suppose -3610*f - 82 = -3612*f + 2*n, 0 = -4*n - 1